{"id":236,"date":"2021-12-01T06:30:00","date_gmt":"2021-12-01T05:30:00","guid":{"rendered":"https:\/\/mp10.schoolpage.pl\/?page_id=236"},"modified":"2026-03-15T13:29:10","modified_gmt":"2026-03-15T12:29:10","slug":"kadra","status":"publish","type":"page","link":"https:\/\/mp10.schoolpage.pl\/index.php\/przedszkole\/kadra\/","title":{"rendered":"Kadra"},"content":{"rendered":"\n<p><strong>KADRA<\/strong> <strong>PEDAGOGICZNA<\/strong><\/p>\n\n\n\n<p><strong>Dyrektor <\/strong><\/p>\n\n\n\n<p>mgr Angelika Niekraszewicz<\/p>\n\n\n\n<p><\/p>\n\n\n\n<p><strong>Nauczyciele wychowania przedszkolnego<\/strong><\/p>\n\n\n\n<p>mgr Dorota Bania <\/p>\n\n\n\n<p>mgr Jolanta Janicka<\/p>\n\n\n\n<p>mgr Anna Jankowiak<\/p>\n\n\n\n<p>mgr Karolina Kotylak<\/p>\n\n\n\n<p>mgr Justyna \u015awiderska<\/p>\n\n\n\n<p>mgr Katarzyna Walkowiak<\/p>\n\n\n\n<p>mgr Ewa Warszawska<\/p>\n\n\n\n<p><\/p>\n\n\n\n<p><strong>Nauczyciele wsp\u00f3\u0142organizuj\u0105cy kszta\u0142cenie<\/strong><\/p>\n\n\n\n<p>mgr Agnieszka Wojtasik<\/p>\n\n\n\n<p><strong>Nauczyciel j\u0119zyka niemieckiego:<\/strong><\/p>\n\n\n\n<p>lic. Izabela Wiszniewska<\/p>\n\n\n\n<p><strong>Nauczyciel religii: <\/strong><\/p>\n\n\n\n<p>mgr Klaudia Graczyk<\/p>\n\n\n\n<p><strong>Specjali\u015bci<\/strong>:<\/p>\n\n\n\n<p><strong>Psycholodzy:<\/strong><\/p>\n\n\n\n<p>Dorota Stolarska &#8211; Frahn ( wt. 8.00- 13.00)<\/p>\n\n\n\n<p>Jolanta Ki\u017cuk ( pon. 8- 11.00)<\/p>\n\n\n\n<p><strong>Logopeda<\/strong>:<\/p>\n\n\n\n<p>Alicja Kami\u0144ska (pon., wt. 8.00- 12.30)<\/p>\n\n\n\n<p><strong>Terapeuta pedagogiczny:<\/strong><\/p>\n\n\n\n<p>mgr Karolina Kotylak (pon. 7.30-11.30 lub 11.30-15.30, czw. 8-11.30 lub 11.30-15.00)<\/p>\n\n\n\n<p><strong>Pedagog specjalny:<\/strong><\/p>\n\n\n\n<p>mgr Natalia Adamkiewicz (czw. 8.00 &#8211; 13.00, pt 10.00-15.00)<\/p>\n\n\n\n<p><\/p>\n\n\n\n<p><strong>ADMINISTRACJA I PERSONEL OBS\u0141UGOWY<\/strong><\/p>\n\n\n\n<p><strong>Specjalista ds. BHP<\/strong>:<\/p>\n\n\n\n<p>Tomasz Gorzelanny<\/p>\n\n\n\n<p><strong>Intendent:<\/strong><\/p>\n\n\n\n<p>Ewelina Mierzejewska- Ku\u017aniak<\/p>\n\n\n\n<p><strong>Kucharka:<\/strong><\/p>\n\n\n\n<p>Sylwia Zasadzi\u0144ska<\/p>\n\n\n\n<p><strong>Pomoce kuchenne<\/strong>:<\/p>\n\n\n\n<p>Elwira Kostera<\/p>\n\n\n\n<p>Danuta Piwko<\/p>\n\n\n\n<p><strong>Pomoce nauczycieli:<\/strong><\/p>\n\n\n\n<p>Marta Krystek<\/p>\n\n\n\n<p>Barbara Lisowska<\/p>\n\n\n\n<p>Tetiana Morozova<\/p>\n\n\n\n<p>Renata Nowacka<\/p>\n\n\n\n<p>Elwira Sadecka<\/p>\n\n\n\n<p>Celina Witkowska<\/p>\n\n\n\n<p><strong>Wo\u017ani:<\/strong><\/p>\n\n\n\n<p>Wies\u0142aw Placek<\/p>\n\n\n\n<p>Mariusz Zwiernik<\/p>\n\n\n\n<p><\/p>\n\n\n\n<p><\/p>\n\n\n\n<p><\/p>\n\n\n\n<p><\/p>\n","protected":false},"excerpt":{"rendered":"<p>KADRA PEDAGOGICZNA Dyrektor mgr Angelika Niekraszewicz Nauczyciele wychowania przedszkolnego mgr Dorota Bania mgr Jolanta Janicka mgr Anna Jankowiak mgr Karolina Kotylak mgr Justyna \u015awiderska mgr Katarzyna Walkowiak mgr Ewa Warszawska Nauczyciele wsp\u00f3\u0142organizuj\u0105cy kszta\u0142cenie mgr Agnieszka Wojtasik Nauczyciel j\u0119zyka niemieckiego: lic.<\/p>\n","protected":false},"author":1,"featured_media":0,"parent":37,"menu_order":1,"comment_status":"closed","ping_status":"closed","template":"","meta":{"footnotes":""},"class_list":["post-236","page","type-page","status-publish","hentry"],"_links":{"self":[{"href":"https:\/\/mp10.schoolpage.pl\/index.php\/wp-json\/wp\/v2\/pages\/236","targetHints":{"allow":["GET"]}}],"collection":[{"href":"https:\/\/mp10.schoolpage.pl\/index.php\/wp-json\/wp\/v2\/pages"}],"about":[{"href":"https:\/\/mp10.schoolpage.pl\/index.php\/wp-json\/wp\/v2\/types\/page"}],"author":[{"embeddable":true,"href":"https:\/\/mp10.schoolpage.pl\/index.php\/wp-json\/wp\/v2\/users\/1"}],"replies":[{"embeddable":true,"href":"https:\/\/mp10.schoolpage.pl\/index.php\/wp-json\/wp\/v2\/comments?post=236"}],"version-history":[{"count":59,"href":"https:\/\/mp10.schoolpage.pl\/index.php\/wp-json\/wp\/v2\/pages\/236\/revisions"}],"predecessor-version":[{"id":1721,"href":"https:\/\/mp10.schoolpage.pl\/index.php\/wp-json\/wp\/v2\/pages\/236\/revisions\/1721"}],"up":[{"embeddable":true,"href":"https:\/\/mp10.schoolpage.pl\/index.php\/wp-json\/wp\/v2\/pages\/37"}],"wp:attachment":[{"href":"https:\/\/mp10.schoolpage.pl\/index.php\/wp-json\/wp\/v2\/media?parent=236"}],"curies":[{"name":"wp","href":"https:\/\/api.w.org\/{rel}","templated":true}]}}