{"id":47,"date":"2021-03-15T08:00:00","date_gmt":"2021-03-15T07:00:00","guid":{"rendered":"https:\/\/mp10.schoolpage.pl\/?page_id=47"},"modified":"2026-04-21T20:17:52","modified_gmt":"2026-04-21T18:17:52","slug":"rekrutacja","status":"publish","type":"page","link":"https:\/\/mp10.schoolpage.pl\/index.php\/przedszkole\/rekrutacja\/","title":{"rendered":"Rekrutacja"},"content":{"rendered":"\n<p>Nab\u00f3r do przedszkoli i oddzia\u0142\u00f3w przedszkolnych w szko\u0142ach podstawowych na rok 2026\/27<\/p>\n\n\n\n<p><strong>KOMUNIKAT<\/strong><\/p>\n\n\n\n<p><strong>22 kwietnia 2026 r. o godzinie 12:00<\/strong> zostan\u0105 opublikowane listy dzieci zakwalifikowanych i&nbsp;niezakwalifikowanych do przedszkoli i oddzia\u0142\u00f3w przedszkolnych w szko\u0142ach podstawowych.<\/p>\n\n\n\n<p>Wyniki kwalifikacji mo\u017cna sprawdzi\u0107 w systemie Nab\u00f3r lub na listach wywieszonych w&nbsp;przedszkolach\/ szko\u0142ach z oddzia\u0142ami przedszkolnymi.<\/p>\n\n\n\n<p><strong>Przypominamy, \u017ce dziecko zakwalifikowane nie oznacza przyj\u0119te! <\/strong>Warunkiem umieszczenia dziecka na li\u015bcie przyj\u0119tych jest <strong>potwierdzenia woli przyj\u0119cia<\/strong> do danego przedszkola\/oddzia\u0142u przedszkolnego w&nbsp;terminie od 22 kwietnia 2026 r. od godz. 12:00 do 27 kwietnia 2026 r.<\/p>\n\n\n\n<p><strong>Brak potwierdzenia woli przyj\u0119cia dziecka w ustalonym terminie jest r\u00f3wnoznaczne z&nbsp;rezygnacj\u0105 z miejsca w przedszkolu.<\/strong><\/p>\n\n\n\n<p>Potwierdzenie woli przyj\u0119cia dziecka mo\u017cna dokona\u0107 na dwa sposoby:<\/p>\n\n\n\n<p><strong>&#8211; elektronicznie <\/strong>loguj\u0105c si\u0119 do systemu Nab\u00f3r <a href=\"http:\/\/www.nabor.pcss.pl\/zielonagora\/przedszkole\">www.nabor.pcss.pl\/zielonagora\/przedszkole<\/a> &nbsp; i&nbsp;post\u0119puj\u0105c zgodnie z instrukcj\u0105 potwierdzania woli znajduj\u0105c\u0105 si\u0119 w za\u0142\u0105cznikach;<\/p>\n\n\n\n<p><strong>&#8211; osobi\u015bcie <\/strong>sk\u0142adaj\u0105c potwierdzenie woli przyj\u0119cia w przedszkolu\/szkole. Wz\u00f3r znajd\u0105 Pa\u0144stwo w za\u0142\u0105cznikach.<\/p>\n\n\n\n<p>Rodzicom dzieci w wieku 3 \u2013 6 lat, kt\u00f3re zamieszkuj\u0105 w Zielonej G\u00f3rze i nie zakwalifikowa\u0142y si\u0119 do \u017cadnego ze wskazanych we wniosku przedszkoli Prezydent Miasta Zielona G\u00f3ra, pisemnie wska\u017ce publiczne przedszkole, kt\u00f3re b\u0119dzie mog\u0142o przyj\u0105\u0107 ich dziecko.<\/p>\n\n\n\n<div data-wp-interactive=\"core\/file\" class=\"wp-block-file\"><object data-wp-bind--hidden=\"!state.hasPdfPreview\" hidden class=\"wp-block-file__embed\" data=\"https:\/\/mp10.schoolpage.pl\/wp-content\/uploads\/2026\/04\/Instrukcja-potwierdzenia-woli-przyjecia-w-systemie-Nabor-1-1.pdf\" type=\"application\/pdf\" style=\"width:100%;height:600px\" aria-label=\"Osadzone z Instrukcja potwierdzenia woli przyj\u0119cia w systemie Nabor (1).\"><\/object><a id=\"wp-block-file--media-87f90668-fd83-4445-912b-4a3ac65a168d\" href=\"https:\/\/mp10.schoolpage.pl\/wp-content\/uploads\/2026\/04\/Instrukcja-potwierdzenia-woli-przyjecia-w-systemie-Nabor-1-1.pdf\">Instrukcja potwierdzenia woli przyj\u0119cia w systemie Nabor (1)<\/a><a href=\"https:\/\/mp10.schoolpage.pl\/wp-content\/uploads\/2026\/04\/Instrukcja-potwierdzenia-woli-przyjecia-w-systemie-Nabor-1-1.pdf\" class=\"wp-block-file__button wp-element-button\" download aria-describedby=\"wp-block-file--media-87f90668-fd83-4445-912b-4a3ac65a168d\">Pobierz<\/a><\/div>\n\n\n\n<p><\/p>\n\n\n\n<div data-wp-interactive=\"core\/file\" class=\"wp-block-file\"><object data-wp-bind--hidden=\"!state.hasPdfPreview\" hidden class=\"wp-block-file__embed\" data=\"https:\/\/mp10.schoolpage.pl\/wp-content\/uploads\/2026\/04\/Oswiadczenie-potwierdzenia-woli-przyjecia-1.pdf\" type=\"application\/pdf\" style=\"width:100%;height:600px\" aria-label=\"Osadzone z O\u015bwiadczenie potwierdzenia woli przyj\u0119cia (1).\"><\/object><a id=\"wp-block-file--media-06a380d8-fca7-450b-ace9-6fc7747d796b\" href=\"https:\/\/mp10.schoolpage.pl\/wp-content\/uploads\/2026\/04\/Oswiadczenie-potwierdzenia-woli-przyjecia-1.pdf\">O\u015bwiadczenie potwierdzenia woli przyj\u0119cia (1)<\/a><a href=\"https:\/\/mp10.schoolpage.pl\/wp-content\/uploads\/2026\/04\/Oswiadczenie-potwierdzenia-woli-przyjecia-1.pdf\" class=\"wp-block-file__button wp-element-button\" download aria-describedby=\"wp-block-file--media-06a380d8-fca7-450b-ace9-6fc7747d796b\">Pobierz<\/a><\/div>\n\n\n\n<p>Wniosek o przedszkole zast\u0119pcze<\/p>\n\n\n\n<div data-wp-interactive=\"core\/file\" class=\"wp-block-file\"><object data-wp-bind--hidden=\"!state.hasPdfPreview\" hidden class=\"wp-block-file__embed\" data=\"https:\/\/mp10.schoolpage.pl\/wp-content\/uploads\/2025\/02\/wniosek-o-przedszkole-zastepcze-MP10.pdf\" type=\"application\/pdf\" style=\"width:100%;height:600px\" aria-label=\"Osadzone z wniosek-o-przedszkole-zast\u0119pcze-MP10.\"><\/object><a id=\"wp-block-file--media-38e14881-23e3-451d-8108-6f93da282e49\" href=\"https:\/\/mp10.schoolpage.pl\/wp-content\/uploads\/2025\/02\/wniosek-o-przedszkole-zastepcze-MP10.pdf\">wniosek-o-przedszkole-zast\u0119pcze-MP10<\/a><a href=\"https:\/\/mp10.schoolpage.pl\/wp-content\/uploads\/2025\/02\/wniosek-o-przedszkole-zastepcze-MP10.pdf\" class=\"wp-block-file__button wp-element-button\" download aria-describedby=\"wp-block-file--media-38e14881-23e3-451d-8108-6f93da282e49\">Pobierz<br><br><br><\/a><\/div>\n\n\n\n<p><\/p>\n\n\n\n<p><\/p>\n","protected":false},"excerpt":{"rendered":"<p>Nab\u00f3r do przedszkoli i oddzia\u0142\u00f3w przedszkolnych w szko\u0142ach podstawowych na rok 2026\/27 KOMUNIKAT 22 kwietnia 2026 r. o godzinie 12:00 zostan\u0105 opublikowane listy dzieci zakwalifikowanych i&nbsp;niezakwalifikowanych do przedszkoli i oddzia\u0142\u00f3w przedszkolnych w szko\u0142ach podstawowych. Wyniki kwalifikacji mo\u017cna sprawdzi\u0107 w systemie<\/p>\n","protected":false},"author":2,"featured_media":0,"parent":37,"menu_order":4,"comment_status":"closed","ping_status":"closed","template":"","meta":{"footnotes":""},"class_list":["post-47","page","type-page","status-publish","hentry"],"_links":{"self":[{"href":"https:\/\/mp10.schoolpage.pl\/index.php\/wp-json\/wp\/v2\/pages\/47","targetHints":{"allow":["GET"]}}],"collection":[{"href":"https:\/\/mp10.schoolpage.pl\/index.php\/wp-json\/wp\/v2\/pages"}],"about":[{"href":"https:\/\/mp10.schoolpage.pl\/index.php\/wp-json\/wp\/v2\/types\/page"}],"author":[{"embeddable":true,"href":"https:\/\/mp10.schoolpage.pl\/index.php\/wp-json\/wp\/v2\/users\/2"}],"replies":[{"embeddable":true,"href":"https:\/\/mp10.schoolpage.pl\/index.php\/wp-json\/wp\/v2\/comments?post=47"}],"version-history":[{"count":55,"href":"https:\/\/mp10.schoolpage.pl\/index.php\/wp-json\/wp\/v2\/pages\/47\/revisions"}],"predecessor-version":[{"id":1745,"href":"https:\/\/mp10.schoolpage.pl\/index.php\/wp-json\/wp\/v2\/pages\/47\/revisions\/1745"}],"up":[{"embeddable":true,"href":"https:\/\/mp10.schoolpage.pl\/index.php\/wp-json\/wp\/v2\/pages\/37"}],"wp:attachment":[{"href":"https:\/\/mp10.schoolpage.pl\/index.php\/wp-json\/wp\/v2\/media?parent=47"}],"curies":[{"name":"wp","href":"https:\/\/api.w.org\/{rel}","templated":true}]}}