{"id":49,"date":"2021-10-10T17:03:00","date_gmt":"2021-10-10T15:03:00","guid":{"rendered":"https:\/\/mp10.schoolpage.pl\/?page_id=49"},"modified":"2026-03-15T12:55:00","modified_gmt":"2026-03-15T11:55:00","slug":"zpwse","status":"publish","type":"page","link":"https:\/\/mp10.schoolpage.pl\/index.php\/przedszkole\/zpwse\/","title":{"rendered":"Zaj\u0119cia dodatkowe"},"content":{"rendered":"\n<p><strong>RYTMIKA<\/strong>     poniedzia\u0142ek i czwartek<\/p>\n\n\n\n<p><\/p>\n\n\n\n<p><strong>TA\u0143CE<\/strong> \u015broda<\/p>\n\n\n\n<p><\/p>\n\n\n\n<p><strong>MISTRZ SPORTU<\/strong> czwartek <\/p>\n\n\n\n<p><\/p>\n\n\n\n<p><strong>KARATE<\/strong> pi\u0105tek<\/p>\n\n\n\n<p><\/p>\n\n\n\n<p><\/p>\n\n\n\n<p><\/p>\n","protected":false},"excerpt":{"rendered":"<p>RYTMIKA poniedzia\u0142ek i czwartek TA\u0143CE \u015broda MISTRZ SPORTU czwartek KARATE pi\u0105tek<\/p>\n","protected":false},"author":1,"featured_media":0,"parent":37,"menu_order":5,"comment_status":"closed","ping_status":"closed","template":"","meta":{"footnotes":""},"class_list":["post-49","page","type-page","status-publish","hentry"],"_links":{"self":[{"href":"https:\/\/mp10.schoolpage.pl\/index.php\/wp-json\/wp\/v2\/pages\/49","targetHints":{"allow":["GET"]}}],"collection":[{"href":"https:\/\/mp10.schoolpage.pl\/index.php\/wp-json\/wp\/v2\/pages"}],"about":[{"href":"https:\/\/mp10.schoolpage.pl\/index.php\/wp-json\/wp\/v2\/types\/page"}],"author":[{"embeddable":true,"href":"https:\/\/mp10.schoolpage.pl\/index.php\/wp-json\/wp\/v2\/users\/1"}],"replies":[{"embeddable":true,"href":"https:\/\/mp10.schoolpage.pl\/index.php\/wp-json\/wp\/v2\/comments?post=49"}],"version-history":[{"count":24,"href":"https:\/\/mp10.schoolpage.pl\/index.php\/wp-json\/wp\/v2\/pages\/49\/revisions"}],"predecessor-version":[{"id":1719,"href":"https:\/\/mp10.schoolpage.pl\/index.php\/wp-json\/wp\/v2\/pages\/49\/revisions\/1719"}],"up":[{"embeddable":true,"href":"https:\/\/mp10.schoolpage.pl\/index.php\/wp-json\/wp\/v2\/pages\/37"}],"wp:attachment":[{"href":"https:\/\/mp10.schoolpage.pl\/index.php\/wp-json\/wp\/v2\/media?parent=49"}],"curies":[{"name":"wp","href":"https:\/\/api.w.org\/{rel}","templated":true}]}}